{"id":195,"date":"2020-12-18T08:14:32","date_gmt":"2020-12-18T07:14:32","guid":{"rendered":"http:\/\/relaunch.awm-halstenbek.de\/?page_id=195"},"modified":"2026-04-30T17:33:29","modified_gmt":"2026-04-30T15:33:29","slug":"impressum","status":"publish","type":"page","link":"https:\/\/awm-halstenbek.de\/?page_id=195","title":{"rendered":"Impressum"},"content":{"rendered":"\t\t<div data-elementor-type=\"wp-page\" data-elementor-id=\"195\" class=\"elementor elementor-195\">\n\t\t\t\t\t\t<section class=\"elementor-section elementor-top-section elementor-element elementor-element-63d3373f elementor-section-boxed elementor-section-height-default elementor-section-height-default\" data-id=\"63d3373f\" data-element_type=\"section\" data-e-type=\"section\">\n\t\t\t\t\t\t<div class=\"elementor-container elementor-column-gap-default\">\n\t\t\t\t\t<div class=\"elementor-column elementor-col-100 elementor-top-column elementor-element elementor-element-5447ff4a\" data-id=\"5447ff4a\" data-element_type=\"column\" data-e-type=\"column\">\n\t\t\t<div class=\"elementor-widget-wrap elementor-element-populated\">\n\t\t\t\t\t\t<div class=\"elementor-element elementor-element-71055d6 elementor-widget elementor-widget-heading\" data-id=\"71055d6\" data-element_type=\"widget\" data-e-type=\"widget\" data-widget_type=\"heading.default\">\n\t\t\t\t<div class=\"elementor-widget-container\">\n\t\t\t\t\t<h2 class=\"elementor-heading-title elementor-size-default\">Impressum<\/h2>\t\t\t\t<\/div>\n\t\t\t\t<\/div>\n\t\t\t\t<div class=\"elementor-element elementor-element-4dd53d14 elementor-widget elementor-widget-text-editor\" data-id=\"4dd53d14\" data-element_type=\"widget\" data-e-type=\"widget\" data-widget_type=\"text-editor.default\">\n\t\t\t\t<div class=\"elementor-widget-container\">\n\t\t\t\t\t\t\t\t\t<p><strong>Autowaschmeile Halstenbek oHG<\/strong><br \/>Gewerbering 7<br \/>25469 Halstenbek<\/p><p>vertreten durch die Gesellschafter:<br \/>Herrn Ole Peterson\u00a0<br \/>Frau Kersten Peterson<\/p><p>E-Mail: <span style=\"color: #ff0000;\"><a style=\"color: #ff0000;\" href=\"mailto:kontakt@awm-halstenbek.de\">kontakt@awm-halstenbek.de<\/a><\/span><br \/>Website: <span style=\"color: #ff0000;\"><a style=\"color: #ff0000;\" href=\"https:\/\/awm-halstenbek.de\">www.awm-halstenbek.de<\/a><\/span><br \/>Telefon: <span style=\"color: #ff0000;\"><a style=\"color: #ff0000;\" href=\"http:\/\/Tel:+4941018055270\" data-wplink-url-error=\"true\">04101 8055270<\/a><\/span><br \/>Fax: <span style=\"color: #ff0000;\">04101 8255280<\/span><\/p><p><!-- \/wp:paragraph --><!-- wp:paragraph --><\/p><p><strong>Verantwortlich f\u00fcr redaktionelle Inhalte<\/strong><br \/>Herr Ole Peterson<\/p><p><strong>Umsatzsteuer-Identifikationsnummer<\/strong><br \/>DE308385834<\/p><p><strong>Amtsgerichht-Registergericht<\/strong><br \/>Pinneberg HRA 9797 PI<\/p><p><strong>Gestaltung, Umsetzung &amp; Konzept:<br \/><\/strong><a style=\"color: rgba(255, 255, 255, 0);\" href=\"https:\/\/pavlos-design.de\/\"><span style=\"color: #ff0000;\">Pavlos<span style=\"color: #000000;\">-Design<\/span><\/span><\/a>\u00a0<span style=\"color: #ff0000;\"><a style=\"color: #ff0000;\" href=\"https:\/\/pavlos-design.de\/\">(<em>Hier Klicken<\/em>)<\/a><\/span><br \/>Die Werbeagentur in Ihrer N\u00e4he!\u00a0<\/p><p><strong>Verbraucher-Streitschlichtung<\/strong><br \/>Die EU-Kommission hat eine Internetplattform zur Online-Beilegung von Streitigkeiten betreffend vertraglicher Verpflichtungen aus Online-Vertr\u00e4gen geschaffen (OS-Plattform). Sie k\u00f6nnen die OS-Plattform unter dem folgenden Link erreichen: <a href=\"https:\/\/ec.europa.eu\/consumers\/odr\/\">https:\/\/ec.europa.eu\/consumers\/odr\/<\/a>. Wir sind nicht bereit und nicht verpflichtet an einem Streitbeilegungsverfahren vor einer Verbraucherschlichtungsstelle teilzunehmen.<\/p><p><strong>Haftung f\u00fcr Links<\/strong><br \/>Externe Links unserer Internetseite f\u00fchren zu Inhalten fremder Anbieter. F\u00fcr diese Inhalte ist allein der jeweilige Anbieter verantwortlich. Bei bekannt werden von Rechtsverletzungen werden diese Links umgehend entfernt.<\/p><p><strong>Urheberrechtshinweis<\/strong><br \/>Die durch uns erstellten Inhalte und Werke auf dieser Website unterliegen dem deutschen Urheberrecht. Die Vervielf\u00e4ltigung, Bearbeitung, Verbreitung und jede Art der Verwertung au\u00dferhalb der Grenzen des Urheberrechtes bed\u00fcrfen der schriftlichen Zustimmung des jeweiligen Autors bzw. Erstellers. Soweit die Inhalte auf dieser Seite nicht von uns selbst erstellt wurden, werden Urheberrechte Dritter beachtet. Insbesondere werden Inhalte Dritter als solche gekennzeichnet. Sollten Sie trotzdem auf eine Urheberrechtsverletzung aufmerksam werden, wird um einen entsprechenden Hinweis gebeten. Bei Bekanntwerden von Rechtsverletzungen werden wir derartige Inhalte umgehend entfernen.<\/p><p><!-- \/wp:paragraph --><\/p>\t\t\t\t\t\t\t\t<\/div>\n\t\t\t\t<\/div>\n\t\t\t\t\t<\/div>\n\t\t<\/div>\n\t\t\t\t\t<\/div>\n\t\t<\/section>\n\t\t\t\t<\/div>\n\t\t","protected":false},"excerpt":{"rendered":"<p>Impressum Autowaschmeile Halstenbek oHGGewerbering 725469 Halstenbek vertreten durch die Gesellschafter:Herrn Ole Peterson\u00a0Frau Kersten Peterson E-Mail: kontakt@awm-halstenbek.deWebsite: www.awm-halstenbek.deTelefon: 04101 8055270Fax: 04101 8255280 Verantwortlich f\u00fcr redaktionelle InhalteHerr Ole Peterson Umsatzsteuer-IdentifikationsnummerDE308385834 Amtsgerichht-RegistergerichtPinneberg HRA 9797 PI Gestaltung, Umsetzung &amp; Konzept:Pavlos-Design\u00a0(Hier Klicken)Die Werbeagentur in Ihrer N\u00e4he!\u00a0 Verbraucher-StreitschlichtungDie EU-Kommission hat eine Internetplattform zur Online-Beilegung von Streitigkeiten betreffend vertraglicher Verpflichtungen aus Online-Vertr\u00e4gen [&hellip;]<\/p>\n","protected":false},"author":3,"featured_media":0,"parent":0,"menu_order":0,"comment_status":"closed","ping_status":"closed","template":"","meta":{"footnotes":""},"class_list":["post-195","page","type-page","status-publish","hentry"],"_links":{"self":[{"href":"https:\/\/awm-halstenbek.de\/index.php?rest_route=\/wp\/v2\/pages\/195","targetHints":{"allow":["GET"]}}],"collection":[{"href":"https:\/\/awm-halstenbek.de\/index.php?rest_route=\/wp\/v2\/pages"}],"about":[{"href":"https:\/\/awm-halstenbek.de\/index.php?rest_route=\/wp\/v2\/types\/page"}],"author":[{"embeddable":true,"href":"https:\/\/awm-halstenbek.de\/index.php?rest_route=\/wp\/v2\/users\/3"}],"replies":[{"embeddable":true,"href":"https:\/\/awm-halstenbek.de\/index.php?rest_route=%2Fwp%2Fv2%2Fcomments&post=195"}],"version-history":[{"count":31,"href":"https:\/\/awm-halstenbek.de\/index.php?rest_route=\/wp\/v2\/pages\/195\/revisions"}],"predecessor-version":[{"id":861,"href":"https:\/\/awm-halstenbek.de\/index.php?rest_route=\/wp\/v2\/pages\/195\/revisions\/861"}],"wp:attachment":[{"href":"https:\/\/awm-halstenbek.de\/index.php?rest_route=%2Fwp%2Fv2%2Fmedia&parent=195"}],"curies":[{"name":"wp","href":"https:\/\/api.w.org\/{rel}","templated":true}]}}